ctor of 5958 and 18.
18
What is the greatest common divisor of 1776 and 6?
6
What is the highest common factor of 12 and 150?
6
Calculate the highest common divisor of 8590 and 40.
10
Calculate the highest common divisor of 729 and 2133.
27
What is the greatest common factor of 44 and 330?
22
Calculate the highest common divisor of 46097 and 31.
31
Calculate the greatest common divisor of 136 and 442.
34
Calculate the greatest common divisor of 1333 and 2790.
31
Calculate the greatest common divisor of 198 and 528.
66
What is the highest common divisor of 42 and 1638?
42
What is the greatest common divisor of 1218 and 1392?
174
Calculate the highest common factor of 1088 and 208.
16
What is the highest common factor of 79 and 3239?
79
Calculate the highest common divisor of 142 and 2.
2
What is the highest common factor of 22 and 2794?
22
Calculate the greatest common divisor of 55 and 1760.
55
What is the greatest common factor of 1395 and 15?
15
Calculate the greatest common divisor of 51 and 459.
51
What is the greatest common divisor of 22 and 10901?
11
Calculate the greatest common divisor of 3584 and 14.
14
What is the highest common divisor of 90 and 50?
10
Calculate the highest common divisor of 5508 and 81.
81
Calculate the highest common divisor of 49 and 14.
7
Calculate the highest common factor of 1200 and 18.
6
Calculate the greatest common divisor of 11 and 407.
11
Calculate the highest common factor of 1036 and 70.
14
Calculate the highest common divisor of 3 and 525.
3
What is the greatest common divisor of 9396 and 2106?
162
Calculate the highest common factor of 528 and 12.
12
Calculate the highest common divisor of 17 and 26231.
17
Calculate the greatest common factor of 160 and 40.
40
What is the highest common factor of 776 and 5723?
97
Calculate the highest common factor of 32 and 588.
4
Calculate the greatest common factor of 1228 and 128.
4
What is the greatest common divisor of 8 and 3160?
8
Calculate the highest common divisor of 1183 and 247.
13
What is the highest common divisor of 203 and 133?
7
Calculate the greatest common factor of 6731 and 127.
127
What is the greatest common factor of 106 and 192?
2
Calculate the highest common divisor of 60 and 1230.
30
What is the highest common divisor of 57540 and 20?
20
What is the greatest common factor of 94 and 4?
2
What is the highest common factor of 6948 and 54?
18
Calculate the greatest common divisor of 27 and 207.
9
What is the highest common factor of 208 and 39?
13
What is the greatest common factor of 56 and 322?
14
What is the greatest common factor of 330 and 44?
22
What is the greatest common divisor of 11 and 22?
11
What is the greatest common factor of 532 and 152?
76
Calculate the greatest common factor of 4750 and 114.
38
What is the greatest common divisor of 7787 and 13?
13
What is the highest common factor of 246 and 5248?
82
What is the greatest common divisor of 227 and 8626?
227
Calculate the highest common divisor of 34 and 34.
34
What is the greatest common divisor of 18 and 1170?
18
What is the highest common divisor of 194 and 873?
97
Calculate the highest common divisor of 147 and 2.
1
Calculate the highest common factor of 5 and 85.
5
What is the highest common factor of 432 and 27?
27
Calculate the greatest common factor of 858 and 130.
26
What is the greatest common divisor of 2150 and 50?
50
What is the highest common divisor of 312 and 552?
24
Calculate the highest common factor of 512 and 64.
64
What is the greatest common divisor of 250 and 5690?
10
What is the greatest common divisor of 729 and 9?
9
Calculate the highest common divisor of 78 and 288.
6
What is the greatest common divisor of 24 and 216?
24
What is the highest common divisor of 16935 and 30?
15
What is the greatest common divisor of 74 and 12691?
37
Calculate the highest common factor of 13 and 18629.
13
Calculate the greatest common divisor of 256 and 160.
32
What is the greatest common divisor of 267 and 2581?
89
What is the highest common divisor of 2607 and 99?
33
What is the greatest common divisor of 830 and 30?
10
What is the highest common divisor of 55 and 30?
5
What is the greatest common divisor of 576 and 2496?
192
Calculate the greatest common factor of 371 and 2279.
53
What is the greatest common factor of 68751 and 9?
9
What is the greatest common factor of 285 and 1395?
15
What is the greatest common divisor of 1332 and 24?
12
Calculate the greatest common factor of 2 and 88.
2
Calculate the highest common factor of 933 and 3.
3
Calculate the highest common factor of 11039 and 133.
133
Calculate the greatest common divisor of 2197 and 169.
169
What is the greatest common divisor of 680 and 8704?
136
Calculate the highest common factor of 1 and 919.
1
What is the highest common divisor of 7719 and 279?
93
What is the highest common divisor of 864 and 27?
27
What is the highest common factor of 84 and 399?
21
What is the greatest common factor of 16 and 10288?
16
What is the greatest common divisor of 341 and 248?
31
What is the greatest common factor of 10 and 46910?
10
What is the greatest common divisor of 37081 and 11?
11
Calculate the greatest common divisor of 8 and 76.
4
Calculate the greatest common factor of 1326 and 204.
102
What is the highest common divisor of 2624 and 205?
41
Calculate the highest common factor of 696 and 72.
24
Calculate the greatest common divisor of 25 and 325.
25
Calculate the highest common factor of 48 and 192.
48
Calculate the greatest common divisor of 3423 and 42.
21
What is the highest common divisor of 116 and 3422?
58
Calculate the greatest common factor of 16 and 296.
8
Calculate the highest common factor of 5520 and 138.
138
What is the greatest common divisor of 10 and 45?
5
What is the highest common divisor of 8016 and 48?
48
What is the greatest common divisor of 777 and 42?
21
What is the highest common divisor of 1134 and 42?
42
What is the greatest common divisor of 8 and 76?
4
Calculate the greatest common divisor of 596 and 4.
4
Calculate the highest common divisor of 1260 and 72.
36
What is the highest common factor of 253 and 70081?
253
Calculate the highest common factor of 981 and 450.
9
Calculate the greatest common divisor of 8680 and 62.
62
What is the highest common factor of 55 and 33?
11
What is the highest common factor of 142 and 497?
71
What is the highest common divisor of 134 and 67?
67
What is the highest common factor of 56 and 70?
14
What is the greatest common divisor of 95 and 9728?
19
What is the greatest common divisor of 19 and 42199?
19
What is the greatest common factor of 1250 and 400?
50
What is the greatest common divisor of 41 and 369?
41
What is the greatest common divisor of 32 and 152?
8
Calculate the greatest common divisor of 20 and 380.
20
What is the highest common divisor of 80 and 1808?
16
Calculate the greatest common divisor of 15 and 8775.
15
Calculate the greatest common factor of 232 and 8.
8
What is the highest common factor of 26 and 195?
13
Calculate the highest common factor of 1891 and 244.
61
What is the greatest common divisor of 4135 and 15?
5
Calculate the highest common factor of 40 and 412.
4
What is the highest common divisor of 646 and 17?
17
What is the highest common factor of 213 and 9?
3
What is the greatest common divisor of 17 and 1751?
17
What is the greatest common divisor of 194 and 26?
2
Calculate the highest common factor of 12 and 4116.
12
What is the greatest common factor of 146 and 54823?
73
Calculate the greatest common divisor of 88 and 44.
44
Calculate the greatest common factor of 640 and 120.
40
What is the highest common divisor of 3926 and 26?
26
What is the highest common factor of 126 and 72?
18
What is the greatest common divisor of 1794 and 312?
78
What is the greatest common divisor of 1050 and 48?
6
Calculate the greatest common factor of 230 and 170.
10
Calculate the greatest common divisor of 1295 and 37.
37
What is the highest common factor of 26179 and 47?
47
What is the greatest common factor of 11 and 19393?
11
Calculate the greatest common divisor of 72 and 56.
8
What is the greatest common factor of 14571 and 9?
9
Calculate the highest common factor of 672 and 390.
6
Calculate the highest common factor of 476